Determine k(0).
7
Suppose 4*z - 18 = 6*z - 4*r, -5*r + 15 = -z. Let c(b) = -2*b**2 + b - 2. Let n be c(2). Let h = n - z. Let q(s) = 3*s. Calculate q(h).
-9
Suppose -m + 4*x + 13 = 0, 4*m - 2*x + 1 + 17 = 0. Let j(q) = 5*q + 41. Give j(m).
6
Let v(b) = 7*b**2 + 58*b**3 + 6*b + 4*b - 11 - 59*b**3. Give v(8).
5
Let c(p) = -p**3 + 5*p**2 + 15*p - 6. Let f be c(7). Let m(a) = -f - 3 + 2*a - 6. Suppose 0 = 4*j + 2*k - 36, 15 = j + 5*k - 12. Give m(j).
4
Let x(s) = -5*s**2. Suppose -3*c + 47 - 44 = 0. Calculate x(c).
-5
Let g(p) = -p**2 - 10*p + 10. Suppose 4*w = -62 + 18. Let k be g(w). Let c(a) = 7*a - 2. Let d(y) = 22*y - 7. Let i(v) = -7*c(v) + 2*d(v). Calculate i(k).
5
Let i(z) be the second derivative of -z**4/12 + 5*z**3/6 - z**2/2 + 8*z. Let d be 8/(1 - 3/(-9)). What is i(d)?
-7
Suppose 0 = 5*r + 66 - 96. Suppose -v - 2*v + 6 = 0. Suppose 7 + r = i - 2*q, 4*i = -v*q + 2. Let f(p) = 2*p - 3. What is f(i)?
3
Let g(u) = u**2 + u + 1. Let s(w) = 7*w**2 + 14*w + 7. Let b(a) = 6*g(a) - s(a). Determine b(-9).
-10
Suppose 0 = -3*m - u - 7, 4*u - 8*u = 3*m + 19. Let p(d) = -d**3 - 2*d**2 - d + 1. Determine p(m).
1
Let d(h) = -h**2 + 13*h + 2. Let g(n) = -2*n**2 - 58*n - 102. Let y be g(-27). What is d(y)?
44
Let g(c) = -3*c + 603*c**2 - 304*c**2 - 298*c**2 - 9 + 2. Give g(0).
-7
Let f be -1 - -7 - 3/(-24)*-24. Let w(a) = 2*a**2 + 1. Calculate w(f).
19
Let r(z) be the third derivative of z**6/720 + z**5/24 + 11*z**4/12 + 55*z**2. Let b(m) be the second derivative of r(m). Determine b(-5).
0
Let b(c) = -c + 7 - 6 - c**2 - 1. What is b(-2)?
-2
Suppose h = 6*h - 15. Let x(u) be the second derivative of -u**4/12 + u**3/2 - u**2 + 25*u. Determine x(h).
-2
Let a(f) = -5*f**2 - 8*f + 18. Let c(j) = -4*j**2 - 8*j + 16. Let p(n) = -5*a(n) + 6*c(n). Determine p(6).
-6
Let z = 32 - 37. Let n(k) be the second derivative of k**4/12 + k**3/2 - 3*k**2/2 + 34*k. What is n(z)?
7
Let j(u) = -3*u**3 - 2*u**2 - u. Suppose 3*a = -r - 6, -4*r = r - a + 78. Let l = -202 + 196. Let m be r/10*l/(-9). Give j(m).
2
Let f(a) = -55*a. Let t be f(-1). Let v = t + -50. Let p(o) = -7. Let w(y) = y. Let z(x) = p(x) + w(x). Give z(v).
-2
Suppose 0 = -b - 2*h - 0 + 1, 0 = 3*b - 2*h - 11. Suppose -o + 3*c + 14 = 0, b*o - 2*c + 7 = 21. Let v(i) = i + 0 + o*i - 3 + 2. Give v(1).
2
Suppose -57 = 30*l + 27*l. Let j(h) = h**2 - 6*h. Let f(n) be the second derivative of n**5/20 + n**3/6 + n. Let d(c) = 6*f(c) + j(c). Calculate d(l).
-5
Let b = 159 + -157. Let x(n) = 3*n**3 + 3*n**2 - n + 1. Calculate x(b).
35
Let v(d) = -d**3 - d**2. Let z(t) = -2*t**2 - 2*t + 1. Let m = -24 + 26. Suppose 0 = -j + 7 - 6. Let k(w) = j*z(w) + m*v(w). Give k(-2).
5
Let b(t) = t + 12. Let v be 280/(-210) + (-1 - (-11)/(-3)). Calculate b(v).
6
Let h(z) = z - 3. Suppose 41 = 4*u - 3*l, -2*l = u - 4 + 2. Calculate h(u).
5
Let h(j) = -3*j + 1. Let q(o) be the first derivative of o**4/4 + 4*o**3/3 + 2*o**2 + 9*o - 2. Let s be q(-4). Let f(r) = 2*r + 11. Let x be f(s). Give h(x).
10
Let z(a) be the second derivative of a**6/360 + a**5/40 - a**4/8 + 5*a**3/2 + 11*a. Let g(i) be the second derivative of z(i). Give g(-4).
1
Let r(y) be the third derivative of -y**6/120 + y**5/12 + y**4/12 - y**3 - 57*y**2 - 4*y. Determine r(5).
4
Let q(c) = 6*c - 2. Let j(n) = -4*n - 84*n**2 + 0*n - 3 - n**3 + 90*n**2. Let x = -2 + 7. Let i be j(x). What is q(i)?
10
Let q(o) = -o**3 + 3*o**2 - 3*o + 4. Let a be q(3). Let t(y) = 3*y - 2. Let d(f) = f. Let z(p) = 4*d(p) - t(p). What is z(a)?
-3
Let t = -4 - 3. Let v = 10 + t. Let o(l) = 2*l**3 - 4*l - 2*l**2 + 1 - l**v - l**2. What is o(3)?
-11
Let p(s) = 7*s**3 + 21*s**2 + 10*s + 18. Let m(t) = -4*t**3 - 11*t**2 - 5*t - 11. Let a(k) = -5*m(k) - 3*p(k). Give a(-7).
-13
Let x(s) = s**3 + s**2. Let h be ((-1)/(-3))/(3/(-171)). Let y = 17 + h. Let b be y/7 - (-18)/14. What is x(b)?
2
Let i(k) be the first derivative of -k**3 + k**2/2 + 2*k + 16. Let y(q) = -4*q**2 + q + 1. Let o(b) = -3*i(b) + 2*y(b). Give o(-4).
16
Let h(y) be the third derivative of -y**5/20 + 7*y**4/24 - y**3/3 - 577*y**2. Calculate h(4).
-22
Let c = 35 - 39. Let y(w) = -w**2 - w + 5. Give y(c).
-7
Let h(c) = -2*c**2 + 4*c - 2. Let k be 1/((10/25)/(18/15)). Give h(k).
-8
Let x(f) = 97*f**3 - 9*f**2 - 9*f + 5. Let m(u) = -48*u**3 + 4*u**2 + 4*u - 2. Let y(r) = 7*m(r) + 3*x(r). Determine y(-1).
46
Let p be 3/(-1) + 8 + -2. Let k(v) = -10*v**3 + 12*v**2 - 22*v + 16. Let a(z) = 7*z**3 - 8*z**2 + 15*z - 11. Let m(d) = 7*a(d) + 5*k(d). Calculate m(p).
-3
Let s(p) = 6*p**2 - 44*p + 17. Let l be s(7). Suppose -1 + 3 = j. Let a(n) = 3*n**2 + 0*n**j - 2 - 4*n**3 + 3*n**3. Determine a(l).
-2
Let d(q) be the second derivative of q**3/2 - 4*q**2 + 2*q - 7. What is d(3)?
1
Let t = -197 + 209. Let i(z) = -z**3 + 11*z**2 + 9*z - 1. Determine i(t).
-37
Let d(t) = -11*t + 1. Let w = 362 - 364. Determine d(w).
23
Let t(s) = -1. Let y(q) be the second derivative of q**3/6 - q**2/2 - 4*q. Let g(b) = t(b) - y(b). Determine g(7).
-7
Let c(m) = -4*m**2 + 12*m + 4. Let s(i) = -3*i**2 + 11*i + 4. Suppose 2*j + p = -6, 2*j + 17 = j + 3*p. Let y(r) = j*s(r) + 4*c(r). Calculate y(-6).
2
Let f(t) = 5*t**3 + 10*t**2 + 8*t - 23. Let w(o) = 11*o**3 + 21*o**2 + 17*o - 52. Let g(x) = -9*f(x) + 4*w(x). Suppose 0 = 2*y - y + 5. What is g(y)?
-6
Let a(m) = 3*m - 16. Let c(i) = 3*i**2 - 35*i + 26. Let z be c(11). Calculate a(z).
-4
Let j(s) = -943 + 3*s + 945 - 2*s. Calculate j(2).
4
Let y(j) be the first derivative of j**3/3 - 5*j**2/2 + 3*j + 5. Let w(p) be the first derivative of y(p). What is w(5)?
5
Let u(v) be the second derivative of -v**4/12 + 5*v**3/6 - 3*v**2/2 + v. Suppose 3*w + y - 8 = 0, -3*w + 546 - 550 = 4*y. Give u(w).
1
Let p(k) = -28*k**2 + 15*k + 3. Let h(n) = -14*n**2 + 6*n + 1. Let a(f) = 5*h(f) - 2*p(f). Give a(1).
-15
Let n(j) = -j**3 + 10*j**2 - 7*j - 12. Suppose r - 15 + 12 = 0. Suppose f = 4*c - 33, -36 = -r*c - f - 2*f. Calculate n(c).
6
Let g = 27 + -7. Let i = g + -14. Let q(m) = -m**3 + 14*m**2 + 2*m - 6. Let l(c) = 3*c**3 - 40*c**2 - 6*c + 18. Let v(z) = -4*l(z) - 11*q(z). Determine v(i).
6
Suppose -5*l + 4*l - 2 = -4*f, 0 = l + 2*f + 8. Let y(p) = p**2. Let z(o) = -6*o + 1 + 3 + 205*o**2 - o**3 - 208*o**2. Let h(d) = -4*y(d) + z(d). Give h(l).
4
Let u(a) = a**2. Let d = 1 + -1. Suppose 15*g - 34 = 26. Let h be d*g/(-16)*2. Determine u(h).
0
Let m(t) be the second derivative of -t**5/20 + t**4/2 - 5*t**2/2 + 183*t. Calculate m(5).
20
Let h be ((-990)/(-27))/(3/(-9)). Let g = 110 + h. Let c(f) = f**2 + 4. Determine c(g).
4
Let n(m) be the first derivative of 6 + 1/2*m**2 + 7*m. Suppose 0 = -9*x + 4*x - 25. Give n(x).
2
Let d(z) = -z + 5. Let m be d(3). Let i(l) = -13*l**2 + 14*l**2 + l**3 - 2*l**3 - l. What is i(m)?
-6
Let i = 16 + -13. Let x = -4 + 4. Suppose i*z + 21 = -x*z. Let m(w) = -w**2 - 5*w + 8. Give m(z).
-6
Let z(l) be the first derivative of -3 + 6*l - 1/4*l**4 - 3*l**2 - 7/3*l**3. Suppose 0 = -7*s - 34 - 8. Give z(s).
6
Suppose 56 = -2*o + 44. Let s(i) be the first derivative of -i**4/4 - 7*i**3/3 - 9*i**2/2 - 7*i - 4. What is s(o)?
11
Let m(y) = -y - 2. Let z = 13 - 7. Let v(x) = -5. Let u(r) = -14. Let p(t) = z*u(t) - 17*v(t). Let c(i) = -2*m(i) - 5*p(i). What is c(-4)?
-9
Let o(d) = -d**3 + 9*d**2 + 3. Let a(j) = -20*j + 5. Let i be a(-5). Let v = i + -96. Calculate o(v).
3
Suppose 6*a - 3*a + 2*d = -9, -5*d - 13 = -2*a. Let y(q) = q**2 + q - 1. Give y(a).
-1
Let g(f) be the third derivative of f**6/120 - f**4/24 + 2*f**3 - 24*f**2. Give g(0).
12
Let c = -1 + 3. Suppose -2*m - 25 = -5*l + c*m, 0 = 2*l - m - 13. Let q(b) = b + 2*b**2 + 0 - 4*b**3 - l - b**2 + 3*b**3. What is q(0)?
-9
Suppose v + 10 = i, i - 3*v - 22 = -4. Let c(n) = n - 13. Let u be c(14). Let t(a) = -a**3 + u + 5*a**2 - 167*a + 4 + 171*a. Give t(i).
-7
Suppose 0 = -v - 3*s - 3, -2 = 5*v - s - 3. Suppose 4*u - 3*p - 6 = 3, v = 4*p + 12. Let d(l) = 7*l - 2 + u + 2 + 1. What is d(1)?
8
Let q = 3 - -3. Let t(y) = -y**3 + 0 + 2 - y**2 + 2*y**2 - q*y**2. Let f = 29 - 33. What is t(f)?
-14
Let f(l) be the second derivative of l**5/20 + l**4/4 - 7*l**2/2 + 283*l. Give f(-5).
-57
Let s(m) = -m. Suppose 15 = -5*d - 0*d - 5*i, 5*d - 2*i = 13. Let o(k) = k**2 + 11*k + 2. Let j(z) = d*o(z) + 5*s(z). Let b be (-9 - -15) + -2*5. What is j(b)?
-6
Let d(g) = -5 